{"id":8,"date":"2020-09-15T06:48:51","date_gmt":"2020-09-15T06:48:51","guid":{"rendered":"http:\/\/magdaleenaperearstid.ee\/?page_id=8"},"modified":"2023-07-05T19:33:08","modified_gmt":"2023-07-05T19:33:08","slug":"services","status":"publish","type":"page","link":"https:\/\/magdaleenaperearstid.ee\/?page_id=8","title":{"rendered":"Tasulised teenused"},"content":{"rendered":"\n<ul class=\"wp-block-list\">\n<li>Perearsti esmane vastuv\u00f5tt kindlustamata patsiendile 30 EUR<\/li>\n\n\n\n<li>Perearsti korduv vastuv\u00f5tt kindlustamata patsiendile 20 EUR<\/li>\n\n\n\n<li>Pere\u00f5e esmane vastuv\u00f5tt kindlustamata patsiendile 20 EUR<\/li>\n\n\n\n<li>Pere\u00f5e korduv vastuv\u00f5tt kindlustamata patsiendile 15 EUR<\/li>\n\n\n\n<li>Retsepti pikendus kindlustamata patsiendile 10 EUR<\/li>\n\n\n\n<li>Kindlustamata ja nimistusse mittekuuluva patsiendi koduvisiit 30 EUR<\/li>\n\n\n\n<li>Perearsti koduvisiidi omaosalus kindlustatud ja nimistusse kuuluvale patsiendile 5 EUR (v.a. &lt;2a vanused lapsed, rasedad ja liikumisv\u00f5imetud patsiendid)<\/li>\n<\/ul>\n\n\n\n<p><strong>T\u00f5endid<\/strong><\/p>\n\n\n\n<ul class=\"wp-block-list\">\n<li>Mootors\u00f5idukijuhi terviset\u00f5end 30 EUR<\/li>\n\n\n\n<li>Relvaloa terviset\u00f5end 30 EUR (vajalik ps\u00fchhiaatri otsus)<\/li>\n\n\n\n<li>Terviset\u00f5endi vormistamine t\u00f6\u00f6le 10 EUR (lisanduvad tasud r\u00f6ntgeni ja toitlustusasutuses t\u00f6\u00f6tajatele bak. anal\u00fc\u00fcside eest)<\/li>\n\n\n\n<li>Kindlustusdokumetide vormistamine 20 EUR<\/li>\n\n\n\n<li>Lihtt\u00f5end (laagrisse, spordiasutusele, kaitseliidule jne) 10 EUR<\/li>\n<\/ul>\n","protected":false},"excerpt":{"rendered":"<p>T\u00f5endid<\/p>\n","protected":false},"author":1,"featured_media":0,"parent":0,"menu_order":0,"comment_status":"closed","ping_status":"closed","template":"","meta":{"om_disable_all_campaigns":false,"_monsterinsights_skip_tracking":false,"_monsterinsights_sitenote_active":false,"_monsterinsights_sitenote_note":"","_monsterinsights_sitenote_category":0,"footnotes":""},"class_list":["post-8","page","type-page","status-publish","hentry"],"aioseo_notices":[],"_links":{"self":[{"href":"https:\/\/magdaleenaperearstid.ee\/index.php?rest_route=\/wp\/v2\/pages\/8","targetHints":{"allow":["GET"]}}],"collection":[{"href":"https:\/\/magdaleenaperearstid.ee\/index.php?rest_route=\/wp\/v2\/pages"}],"about":[{"href":"https:\/\/magdaleenaperearstid.ee\/index.php?rest_route=\/wp\/v2\/types\/page"}],"author":[{"embeddable":true,"href":"https:\/\/magdaleenaperearstid.ee\/index.php?rest_route=\/wp\/v2\/users\/1"}],"replies":[{"embeddable":true,"href":"https:\/\/magdaleenaperearstid.ee\/index.php?rest_route=%2Fwp%2Fv2%2Fcomments&post=8"}],"version-history":[{"count":6,"href":"https:\/\/magdaleenaperearstid.ee\/index.php?rest_route=\/wp\/v2\/pages\/8\/revisions"}],"predecessor-version":[{"id":242,"href":"https:\/\/magdaleenaperearstid.ee\/index.php?rest_route=\/wp\/v2\/pages\/8\/revisions\/242"}],"wp:attachment":[{"href":"https:\/\/magdaleenaperearstid.ee\/index.php?rest_route=%2Fwp%2Fv2%2Fmedia&parent=8"}],"curies":[{"name":"wp","href":"https:\/\/api.w.org\/{rel}","templated":true}]}}